{"id":470,"date":"2019-02-25T04:45:38","date_gmt":"2019-02-25T04:45:38","guid":{"rendered":"http:\/\/fundacionfundis.org\/newgenomics\/?page_id=470"},"modified":"2019-03-06T02:40:34","modified_gmt":"2019-03-06T02:40:34","slug":"principios-y-valores","status":"publish","type":"page","link":"https:\/\/www.genomics.com.co\/index.php\/principios-y-valores\/","title":{"rendered":"Principios y valores"},"content":{"rendered":"\t\t<div data-elementor-type=\"wp-post\" data-elementor-id=\"470\" class=\"elementor elementor-470 elementor-bc-flex-widget\" data-elementor-post-type=\"page\">\n\t\t\t\t\t\t<section class=\"elementor-section elementor-top-section elementor-element elementor-element-51e447d2 elementor-section-content-middle elementor-section-boxed elementor-section-height-default elementor-section-height-default\" data-id=\"51e447d2\" data-element_type=\"section\">\n\t\t\t\t\t\t<div class=\"elementor-container elementor-column-gap-no\">\n\t\t\t\t\t<div class=\"elementor-column elementor-col-100 elementor-top-column elementor-element elementor-element-40a78474\" data-id=\"40a78474\" data-element_type=\"column\">\n\t\t\t<div class=\"elementor-widget-wrap elementor-element-populated\">\n\t\t\t\t\t\t<section class=\"elementor-section elementor-inner-section elementor-element elementor-element-40e2eecd elementor-section-content-middle elementor-section-boxed elementor-section-height-default elementor-section-height-default\" data-id=\"40e2eecd\" data-element_type=\"section\">\n\t\t\t\t\t\t<div class=\"elementor-container elementor-column-gap-no\">\n\t\t\t\t\t<div class=\"elementor-column elementor-col-33 elementor-inner-column elementor-element elementor-element-69bffbde\" data-id=\"69bffbde\" data-element_type=\"column\">\n\t\t\t<div class=\"elementor-widget-wrap elementor-element-populated\">\n\t\t\t\t\t\t<div class=\"elementor-element elementor-element-474f2837 elementor-widget elementor-widget-heading\" data-id=\"474f2837\" data-element_type=\"widget\" data-widget_type=\"heading.default\">\n\t\t\t\t<div class=\"elementor-widget-container\">\n\t\t\t<h3 class=\"elementor-heading-title elementor-size-default\"><span style=\"font-family: ABeeZee;font-size: 16px;font-style: normal;font-weight: 600;letter-spacing: 0.4px;text-align: left;text-transform: none\">Fidelidad Y Compromiso<\/span><\/h3>\t\t<\/div>\n\t\t\t\t<\/div>\n\t\t\t\t<div class=\"elementor-element elementor-element-58535943 elementor-widget elementor-widget-text-editor\" data-id=\"58535943\" data-element_type=\"widget\" data-widget_type=\"text-editor.default\">\n\t\t\t\t<div class=\"elementor-widget-container\">\n\t\t\t\t\t\t\t<p>Profesamos fidelidad a la Instituci\u00f3n, a los compa\u00f1eros de trabajo y a nuestros usuarios; cumplimos siempre con los compromisos adquiridos, demostrando un comportamiento amable y desinteresado con esp\u00edritu de servicio.<\/p>\t\t\t\t\t\t<\/div>\n\t\t\t\t<\/div>\n\t\t\t\t\t<\/div>\n\t\t<\/div>\n\t\t\t\t<div class=\"elementor-column elementor-col-33 elementor-inner-column elementor-element elementor-element-61c4745c\" data-id=\"61c4745c\" data-element_type=\"column\">\n\t\t\t<div class=\"elementor-widget-wrap elementor-element-populated\">\n\t\t\t\t\t\t<div class=\"elementor-element elementor-element-5589a38 elementor-widget elementor-widget-heading\" data-id=\"5589a38\" data-element_type=\"widget\" data-widget_type=\"heading.default\">\n\t\t\t\t<div class=\"elementor-widget-container\">\n\t\t\t<h3 class=\"elementor-heading-title elementor-size-default\"><span style=\"font-family: ABeeZee;font-size: 16px;font-style: normal;font-weight: 600;letter-spacing: 0.4px;text-align: left;text-transform: none\">Trabajamos Por El Bien Com\u00fan<\/span><\/h3>\t\t<\/div>\n\t\t\t\t<\/div>\n\t\t\t\t<div class=\"elementor-element elementor-element-656fd441 elementor-widget elementor-widget-text-editor\" data-id=\"656fd441\" data-element_type=\"widget\" data-widget_type=\"text-editor.default\">\n\t\t\t\t<div class=\"elementor-widget-container\">\n\t\t\t\t\t\t\t<p>Velamos por el inter\u00e9s com\u00fan institucional y el de nuestros usuarios: pacientes, sus comunidades, proveedores y entidades p\u00fablicas y privadas que participen junto con nosotros en el logro de nuestra Misi\u00f3n.<\/p>\t\t\t\t\t\t<\/div>\n\t\t\t\t<\/div>\n\t\t\t\t\t<\/div>\n\t\t<\/div>\n\t\t\t\t<div class=\"elementor-column elementor-col-33 elementor-inner-column elementor-element elementor-element-2f788aa9\" data-id=\"2f788aa9\" data-element_type=\"column\">\n\t\t\t<div class=\"elementor-widget-wrap elementor-element-populated\">\n\t\t\t\t\t\t<div class=\"elementor-element elementor-element-23b6ca74 elementor-widget elementor-widget-heading\" data-id=\"23b6ca74\" data-element_type=\"widget\" data-widget_type=\"heading.default\">\n\t\t\t\t<div class=\"elementor-widget-container\">\n\t\t\t<h3 class=\"elementor-heading-title elementor-size-default\"><span style=\"font-family: ABeeZee;font-size: 16px;font-style: normal;font-weight: 600;letter-spacing: 0.4px;text-align: left;text-transform: none\">Comunicaci\u00f3n Efectiva<\/span><\/h3>\t\t<\/div>\n\t\t\t\t<\/div>\n\t\t\t\t<div class=\"elementor-element elementor-element-74b435c4 elementor-widget elementor-widget-text-editor\" data-id=\"74b435c4\" data-element_type=\"widget\" data-widget_type=\"text-editor.default\">\n\t\t\t\t<div class=\"elementor-widget-container\">\n\t\t\t\t\t\t\t<p>Nos comunicamos permanentemente con nuestro cliente interno y nuestro cliente externo, de manera que generemos una adecuada estrategia, respuesta y soluci\u00f3n ante las expectativas y necesidades planteadas.<\/p>\t\t\t\t\t\t<\/div>\n\t\t\t\t<\/div>\n\t\t\t\t\t<\/div>\n\t\t<\/div>\n\t\t\t\t\t<\/div>\n\t\t<\/section>\n\t\t\t\t<section class=\"elementor-section elementor-inner-section elementor-element elementor-element-0f5899a elementor-section-content-middle elementor-section-boxed elementor-section-height-default elementor-section-height-default\" data-id=\"0f5899a\" data-element_type=\"section\">\n\t\t\t\t\t\t<div class=\"elementor-container elementor-column-gap-no\">\n\t\t\t\t\t<div class=\"elementor-column elementor-col-33 elementor-inner-column elementor-element elementor-element-8bccf46\" data-id=\"8bccf46\" data-element_type=\"column\">\n\t\t\t<div class=\"elementor-widget-wrap elementor-element-populated\">\n\t\t\t\t\t\t<div class=\"elementor-element elementor-element-468bcf8 elementor-widget elementor-widget-heading\" data-id=\"468bcf8\" data-element_type=\"widget\" data-widget_type=\"heading.default\">\n\t\t\t\t<div class=\"elementor-widget-container\">\n\t\t\t<h3 class=\"elementor-heading-title elementor-size-default\"><span style=\"font-family: ABeeZee;font-size: 16px;font-style: normal;font-weight: 600;letter-spacing: 0.4px;text-align: left;text-transform: none\">Trabajamos En Equipo<\/span><\/h3>\t\t<\/div>\n\t\t\t\t<\/div>\n\t\t\t\t<div class=\"elementor-element elementor-element-336b77f elementor-widget elementor-widget-text-editor\" data-id=\"336b77f\" data-element_type=\"widget\" data-widget_type=\"text-editor.default\">\n\t\t\t\t<div class=\"elementor-widget-container\">\n\t\t\t\t\t\t\t<p>Promovemos el trabajo en equipo, buscando cumplir objetivos comunes con el m\u00e1ximo de eficiencia en el uso de nuestros recursos a partir de estrategias creativas e innovadoras.<\/p>\t\t\t\t\t\t<\/div>\n\t\t\t\t<\/div>\n\t\t\t\t\t<\/div>\n\t\t<\/div>\n\t\t\t\t<div class=\"elementor-column elementor-col-33 elementor-inner-column elementor-element elementor-element-968407c\" data-id=\"968407c\" data-element_type=\"column\">\n\t\t\t<div class=\"elementor-widget-wrap elementor-element-populated\">\n\t\t\t\t\t\t<div class=\"elementor-element elementor-element-4d0e37d elementor-widget elementor-widget-heading\" data-id=\"4d0e37d\" data-element_type=\"widget\" data-widget_type=\"heading.default\">\n\t\t\t\t<div class=\"elementor-widget-container\">\n\t\t\t<h3 class=\"elementor-heading-title elementor-size-default\"><span style=\"font-family: ABeeZee;font-size: 16px;font-style: normal;font-weight: 600;letter-spacing: 0.4px;text-align: left;text-transform: none\">Trabajamos Siempre En Funci\u00f3n De Valores Agregados<\/span><\/h3>\t\t<\/div>\n\t\t\t\t<\/div>\n\t\t\t\t<div class=\"elementor-element elementor-element-5747fb1 elementor-widget elementor-widget-text-editor\" data-id=\"5747fb1\" data-element_type=\"widget\" data-widget_type=\"text-editor.default\">\n\t\t\t\t<div class=\"elementor-widget-container\">\n\t\t\t\t\t\t\t<p>Cumplimos con nuestro trabajo porque sabemos lo que implica para nosotros y para nuestros usuarios, no por exigencia, vamos m\u00e1s all\u00e1 de nuestras funciones si es necesario. Nuestra motivaci\u00f3n es lograr.<\/p>\t\t\t\t\t\t<\/div>\n\t\t\t\t<\/div>\n\t\t\t\t\t<\/div>\n\t\t<\/div>\n\t\t\t\t<div class=\"elementor-column elementor-col-33 elementor-inner-column elementor-element elementor-element-c55992b\" data-id=\"c55992b\" data-element_type=\"column\">\n\t\t\t<div class=\"elementor-widget-wrap elementor-element-populated\">\n\t\t\t\t\t\t<div class=\"elementor-element elementor-element-a190817 elementor-widget elementor-widget-heading\" data-id=\"a190817\" data-element_type=\"widget\" data-widget_type=\"heading.default\">\n\t\t\t\t<div class=\"elementor-widget-container\">\n\t\t\t<h3 class=\"elementor-heading-title elementor-size-default\"><span style=\"font-family: ABeeZee;font-size: 16px;font-style: normal;font-weight: 600;letter-spacing: 0.4px;text-align: left;text-transform: none\">Capacitaci\u00f3n y Actualizaci\u00f3n Permanente<\/span><\/h3>\t\t<\/div>\n\t\t\t\t<\/div>\n\t\t\t\t<div class=\"elementor-element elementor-element-1752d8e elementor-widget elementor-widget-text-editor\" data-id=\"1752d8e\" data-element_type=\"widget\" data-widget_type=\"text-editor.default\">\n\t\t\t\t<div class=\"elementor-widget-container\">\n\t\t\t\t\t\t\t<p>Nos comunicamos permanentemente con nuestro cliente interno y nuestro cliente externo, de manera que generemos una adecuada estrategia, respuesta y soluci\u00f3n ante las expectativas y necesidades planteadas.<\/p>\t\t\t\t\t\t<\/div>\n\t\t\t\t<\/div>\n\t\t\t\t\t<\/div>\n\t\t<\/div>\n\t\t\t\t\t<\/div>\n\t\t<\/section>\n\t\t\t\t<section class=\"elementor-section elementor-inner-section elementor-element elementor-element-0c72d72 elementor-section-content-middle elementor-section-boxed elementor-section-height-default elementor-section-height-default\" data-id=\"0c72d72\" data-element_type=\"section\">\n\t\t\t\t\t\t<div class=\"elementor-container elementor-column-gap-no\">\n\t\t\t\t\t<div class=\"elementor-column elementor-col-50 elementor-inner-column elementor-element elementor-element-546290b\" data-id=\"546290b\" data-element_type=\"column\">\n\t\t\t<div class=\"elementor-widget-wrap elementor-element-populated\">\n\t\t\t\t\t\t<div class=\"elementor-element elementor-element-c4d2ed3 elementor-widget elementor-widget-heading\" data-id=\"c4d2ed3\" data-element_type=\"widget\" data-widget_type=\"heading.default\">\n\t\t\t\t<div class=\"elementor-widget-container\">\n\t\t\t<h3 class=\"elementor-heading-title elementor-size-default\"><span style=\"font-family: ABeeZee;font-size: 16px;font-style: normal;font-weight: 600;letter-spacing: 0.4px;text-align: left;text-transform: none\">Optimizaci\u00f3n Del Tiempo<\/span><\/h3>\t\t<\/div>\n\t\t\t\t<\/div>\n\t\t\t\t<div class=\"elementor-element elementor-element-ced278b elementor-widget elementor-widget-text-editor\" data-id=\"ced278b\" data-element_type=\"widget\" data-widget_type=\"text-editor.default\">\n\t\t\t\t<div class=\"elementor-widget-container\">\n\t\t\t\t\t\t\t<p>Nuestro y el de nuestros usuarios. Iniciamos a tiempo las labores, asistimos puntualmente a cada compromiso, aprovechamos al m\u00e1ximo la jornada con que contamos para realizar las tareas y actividades.<\/p>\t\t\t\t\t\t<\/div>\n\t\t\t\t<\/div>\n\t\t\t\t\t<\/div>\n\t\t<\/div>\n\t\t\t\t<div class=\"elementor-column elementor-col-50 elementor-inner-column elementor-element elementor-element-f96079e\" data-id=\"f96079e\" data-element_type=\"column\">\n\t\t\t<div class=\"elementor-widget-wrap elementor-element-populated\">\n\t\t\t\t\t\t<div class=\"elementor-element elementor-element-5c329ed elementor-widget elementor-widget-heading\" data-id=\"5c329ed\" data-element_type=\"widget\" data-widget_type=\"heading.default\">\n\t\t\t\t<div class=\"elementor-widget-container\">\n\t\t\t<h3 class=\"elementor-heading-title elementor-size-default\"><span style=\"font-family: ABeeZee;font-size: 16px;font-style: normal;font-weight: 600;letter-spacing: 0.4px;text-align: left;text-transform: none\">Cultura Del Auto Cuidado<\/span><\/h3>\t\t<\/div>\n\t\t\t\t<\/div>\n\t\t\t\t<div class=\"elementor-element elementor-element-e028688 elementor-widget elementor-widget-text-editor\" data-id=\"e028688\" data-element_type=\"widget\" data-widget_type=\"text-editor.default\">\n\t\t\t\t<div class=\"elementor-widget-container\">\n\t\t\t\t\t\t\t<p>De los recursos y bienes de la Instituci\u00f3n dados en responsabilidad a nuestros colaboradores. Concientiz\u00e1ndolos en el uso racional y adecuado de cada elemento, insumo, equipo y recurso dispuesto para la realizaci\u00f3n de cada Misi\u00f3n.<\/p>\t\t\t\t\t\t<\/div>\n\t\t\t\t<\/div>\n\t\t\t\t\t<\/div>\n\t\t<\/div>\n\t\t\t\t\t<\/div>\n\t\t<\/section>\n\t\t\t\t<section class=\"elementor-section elementor-inner-section elementor-element elementor-element-5f4982e elementor-section-content-middle elementor-section-boxed elementor-section-height-default elementor-section-height-default\" data-id=\"5f4982e\" data-element_type=\"section\">\n\t\t\t\t\t\t<div class=\"elementor-container elementor-column-gap-no\">\n\t\t\t\t\t<div class=\"elementor-column elementor-col-100 elementor-inner-column elementor-element elementor-element-948f918\" data-id=\"948f918\" data-element_type=\"column\">\n\t\t\t<div class=\"elementor-widget-wrap elementor-element-populated\">\n\t\t\t\t\t\t<div class=\"elementor-element elementor-element-3dcbdd6 elementor-widget elementor-widget-text-editor\" data-id=\"3dcbdd6\" data-element_type=\"widget\" data-widget_type=\"text-editor.default\">\n\t\t\t\t<div class=\"elementor-widget-container\">\n\t\t\t\t\t\t\t<p>En la\u00a0<strong>IPS \u201cGENOMICS\u201d<\/strong>, desarrollamos nuestras actividades guiados por los deberes y los derechos enmarcados en los principios de: Profesionalismo, objetividad, responsabilidad, confidencialidad, integridad, independencia, actitud de servicio, trabajo en equipo, lealtad, dedicaci\u00f3n y acatamiento de las normas establecidas, as\u00ed como:<\/p>\t\t\t\t\t\t<\/div>\n\t\t\t\t<\/div>\n\t\t\t\t\t<\/div>\n\t\t<\/div>\n\t\t\t\t\t<\/div>\n\t\t<\/section>\n\t\t\t\t<section class=\"elementor-section elementor-inner-section elementor-element elementor-element-56fea3c elementor-section-content-middle elementor-section-boxed elementor-section-height-default elementor-section-height-default\" data-id=\"56fea3c\" data-element_type=\"section\">\n\t\t\t\t\t\t<div class=\"elementor-container elementor-column-gap-no\">\n\t\t\t\t\t<div class=\"elementor-column elementor-col-33 elementor-inner-column elementor-element elementor-element-3a0a6ef\" data-id=\"3a0a6ef\" data-element_type=\"column\">\n\t\t\t<div class=\"elementor-widget-wrap elementor-element-populated\">\n\t\t\t\t\t\t<div class=\"elementor-element elementor-element-4f1bf24 elementor-widget elementor-widget-heading\" data-id=\"4f1bf24\" data-element_type=\"widget\" data-widget_type=\"heading.default\">\n\t\t\t\t<div class=\"elementor-widget-container\">\n\t\t\t<h3 class=\"elementor-heading-title elementor-size-default\"><span style=\"font-family: ABeeZee;font-size: 16px;font-style: normal;font-weight: 600;letter-spacing: 0.4px;text-align: left;text-transform: none\">Respeto<\/span><\/h3>\t\t<\/div>\n\t\t\t\t<\/div>\n\t\t\t\t<div class=\"elementor-element elementor-element-3f9fee9 elementor-widget elementor-widget-text-editor\" data-id=\"3f9fee9\" data-element_type=\"widget\" data-widget_type=\"text-editor.default\">\n\t\t\t\t<div class=\"elementor-widget-container\">\n\t\t\t\t\t\t\t<p>En la IPS \u201cGENOMICS\u201d se aceptan y se valoran las opiniones de nuestros usuarios y de nuestros empleados.<\/p>\t\t\t\t\t\t<\/div>\n\t\t\t\t<\/div>\n\t\t\t\t\t<\/div>\n\t\t<\/div>\n\t\t\t\t<div class=\"elementor-column elementor-col-33 elementor-inner-column elementor-element elementor-element-edef3f3\" data-id=\"edef3f3\" data-element_type=\"column\">\n\t\t\t<div class=\"elementor-widget-wrap elementor-element-populated\">\n\t\t\t\t\t\t<div class=\"elementor-element elementor-element-67b1a76 elementor-widget elementor-widget-heading\" data-id=\"67b1a76\" data-element_type=\"widget\" data-widget_type=\"heading.default\">\n\t\t\t\t<div class=\"elementor-widget-container\">\n\t\t\t<h3 class=\"elementor-heading-title elementor-size-default\"><span style=\"font-family: ABeeZee;font-size: 16px;font-style: normal;font-weight: 600;letter-spacing: 0.4px;text-align: left;text-transform: none\">Confianza<\/span><\/h3>\t\t<\/div>\n\t\t\t\t<\/div>\n\t\t\t\t<div class=\"elementor-element elementor-element-8490f41 elementor-widget elementor-widget-text-editor\" data-id=\"8490f41\" data-element_type=\"widget\" data-widget_type=\"text-editor.default\">\n\t\t\t\t<div class=\"elementor-widget-container\">\n\t\t\t\t\t\t\t<p>Es uno de nuestros principios b\u00e1sicos, ya que es prioridad generar un ambiente de confianza ante los usuarios con todos los servicios prestados en nuestra instituci\u00f3n.<\/p>\t\t\t\t\t\t<\/div>\n\t\t\t\t<\/div>\n\t\t\t\t\t<\/div>\n\t\t<\/div>\n\t\t\t\t<div class=\"elementor-column elementor-col-33 elementor-inner-column elementor-element elementor-element-6ad9fb1\" data-id=\"6ad9fb1\" data-element_type=\"column\">\n\t\t\t<div class=\"elementor-widget-wrap elementor-element-populated\">\n\t\t\t\t\t\t<div class=\"elementor-element elementor-element-1cbd7be elementor-widget elementor-widget-heading\" data-id=\"1cbd7be\" data-element_type=\"widget\" data-widget_type=\"heading.default\">\n\t\t\t\t<div class=\"elementor-widget-container\">\n\t\t\t<h3 class=\"elementor-heading-title elementor-size-default\"><span style=\"font-family: ABeeZee;font-size: 16px;font-style: normal;font-weight: 600;letter-spacing: 0.4px;text-align: left;text-transform: none\">La Gente<\/span><\/h3>\t\t<\/div>\n\t\t\t\t<\/div>\n\t\t\t\t<div class=\"elementor-element elementor-element-44047e6 elementor-widget elementor-widget-text-editor\" data-id=\"44047e6\" data-element_type=\"widget\" data-widget_type=\"text-editor.default\">\n\t\t\t\t<div class=\"elementor-widget-container\">\n\t\t\t\t\t\t\t<p>Para la<strong> IPS \u201cGENOMICS\u201d<\/strong> lo m\u00e1s importante son las personas: Nuestra poblaci\u00f3n objetivo, sus comunidades, sus expectativas y necesidades, al igual que la del personal que labora en nuestra empresa, nuestros proveedores\u00a0 y usuarios en general. Tenemos la disposici\u00f3n de trabajar para el beneficio de todos.<\/p>\t\t\t\t\t\t<\/div>\n\t\t\t\t<\/div>\n\t\t\t\t\t<\/div>\n\t\t<\/div>\n\t\t\t\t\t<\/div>\n\t\t<\/section>\n\t\t\t\t\t<\/div>\n\t\t<\/div>\n\t\t\t\t\t<\/div>\n\t\t<\/section>\n\t\t\t\t<\/div>\n\t\t","protected":false},"excerpt":{"rendered":"<p>Fidelidad Y Compromiso Profesamos fidelidad a la Instituci\u00f3n, a los compa\u00f1eros de trabajo y a nuestros usuarios; cumplimos siempre con los compromisos adquiridos, demostrando un comportamiento amable y desinteresado con &#8230;<\/p>\n","protected":false},"author":1,"featured_media":0,"parent":0,"menu_order":0,"comment_status":"closed","ping_status":"closed","template":"elementor_header_footer","meta":{"footnotes":""},"_links":{"self":[{"href":"https:\/\/www.genomics.com.co\/index.php\/wp-json\/wp\/v2\/pages\/470"}],"collection":[{"href":"https:\/\/www.genomics.com.co\/index.php\/wp-json\/wp\/v2\/pages"}],"about":[{"href":"https:\/\/www.genomics.com.co\/index.php\/wp-json\/wp\/v2\/types\/page"}],"author":[{"embeddable":true,"href":"https:\/\/www.genomics.com.co\/index.php\/wp-json\/wp\/v2\/users\/1"}],"replies":[{"embeddable":true,"href":"https:\/\/www.genomics.com.co\/index.php\/wp-json\/wp\/v2\/comments?post=470"}],"version-history":[{"count":9,"href":"https:\/\/www.genomics.com.co\/index.php\/wp-json\/wp\/v2\/pages\/470\/revisions"}],"predecessor-version":[{"id":612,"href":"https:\/\/www.genomics.com.co\/index.php\/wp-json\/wp\/v2\/pages\/470\/revisions\/612"}],"wp:attachment":[{"href":"https:\/\/www.genomics.com.co\/index.php\/wp-json\/wp\/v2\/media?parent=470"}],"curies":[{"name":"wp","href":"https:\/\/api.w.org\/{rel}","templated":true}]}}